{"id":20,"date":"2014-03-11T19:05:16","date_gmt":"2014-03-11T18:05:16","guid":{"rendered":"http:\/\/www.esmeth.com\/wp\/?page_id=20"},"modified":"2019-04-05T17:18:05","modified_gmt":"2019-04-05T15:18:05","slug":"home","status":"publish","type":"page","link":"https:\/\/www.ipabperiminoridivicenza.it\/","title":{"rendered":"Chi siamo"},"content":{"rendered":"<p style=\"text-align: justify;\"><span style=\"color: #333333;\">L\u2019 \u201cI.P.A.B. per i Minori di Vicenza\u201d \u00e8 una Istituzione Pubblica di Assistenza e Beneficenza. Secondo quanto previsto dallo Statuto ha come scopo il sostegno dei minori e delle loro famiglie in stato di bisogno, dando precedenza a coloro che risiedono nel Comune di Vicenza. Ne promuove l\u2019assistenza, anche economica, attraverso interventi mirati alla prevenzione e alla cura, all\u2019 istruzione, alla formazione ed al sostegno socio-educativo.<\/span><\/p>\n<p style=\"text-align: justify;\"><span style=\"color: #333333;\">Gli interventi avvengono sulla base di precisi progetti di intervento anche in collaborazione con le Istituzioni e gli Enti Pubblici ed il mondo delle Associazioni e del Volontariato operanti nei settori famiglia-minori-istruzione-salute.<\/span><\/p>\n<p style=\"text-align: justify;\"><span style=\"color: #333333;\">I.P.A.B. per i Minori di Vicenza si finanzia attraverso contributi, lasciti e donazioni nonch\u00e9 attraverso le rendite del suo patrimonio; inoltre pu\u00f2 stipulare convenzioni con enti pubblici e organismi privati per il conseguimento delle finalit\u00e0 statutarie.<\/span><\/p>\n<p style=\"text-align: justify;\"><span style=\"color: #333333;\">I.P.A.B. per i Minori di Vicenza deriva dalla fusione, avvenuta il 1\u00b0gennaio 2014, di quattro piccole Opere Pie, attive in Citt\u00e0 gi\u00e0 da oltre 150 anni.<\/span><\/p>\n<p style=\"text-align: justify;\"><span style=\"color: #333333;\">Il Consiglio di Amministrazione \u00e8 formato da 3 componenti, nominati dal Sindaco di Vicenza, e resta in carica per 5 anni con possibilit\u00e0 di rinnovo una sola volta. Tutti gli incarichi sono a titolo gratuito.<\/span><\/p>\n","protected":false},"excerpt":{"rendered":"<p>L\u2019 \u201cI.P.A.B. per i Minori di Vicenza\u201d \u00e8 una Istituzione Pubblica di Assistenza e Beneficenza. Secondo quanto previsto dallo Statuto ha come scopo il sostegno dei minori e delle loro&#8230;<\/p>\n","protected":false},"author":1,"featured_media":0,"parent":0,"menu_order":0,"comment_status":"open","ping_status":"closed","template":"page-home.php","meta":{"footnotes":""},"_links":{"self":[{"href":"https:\/\/www.ipabperiminoridivicenza.it\/index.php?rest_route=\/wp\/v2\/pages\/20"}],"collection":[{"href":"https:\/\/www.ipabperiminoridivicenza.it\/index.php?rest_route=\/wp\/v2\/pages"}],"about":[{"href":"https:\/\/www.ipabperiminoridivicenza.it\/index.php?rest_route=\/wp\/v2\/types\/page"}],"author":[{"embeddable":true,"href":"https:\/\/www.ipabperiminoridivicenza.it\/index.php?rest_route=\/wp\/v2\/users\/1"}],"replies":[{"embeddable":true,"href":"https:\/\/www.ipabperiminoridivicenza.it\/index.php?rest_route=%2Fwp%2Fv2%2Fcomments&post=20"}],"version-history":[{"count":44,"href":"https:\/\/www.ipabperiminoridivicenza.it\/index.php?rest_route=\/wp\/v2\/pages\/20\/revisions"}],"predecessor-version":[{"id":2150,"href":"https:\/\/www.ipabperiminoridivicenza.it\/index.php?rest_route=\/wp\/v2\/pages\/20\/revisions\/2150"}],"wp:attachment":[{"href":"https:\/\/www.ipabperiminoridivicenza.it\/index.php?rest_route=%2Fwp%2Fv2%2Fmedia&parent=20"}],"curies":[{"name":"wp","href":"https:\/\/api.w.org\/{rel}","templated":true}]}}